In base 13, what is 372 - 16b?
204
In base 7, what is -25 + 42411333?
42411305
In base 16, what is -9eb4 + -10e?
-9fc2
In base 11, what is 52 + 3359280?
3359322
In base 7, what is 452 - 101065?
-100313
In base 12, what is 18128a32 + 0?
18128a32
In base 14, what is 6b8702b + -2?
6b87029
In base 6, what is 32 - 325325?
-325253
In base 4, what is -21220030320 - 10?
-21220030330
In base 4, what is -2230200322233 - -2?
-2230200322231
In base 16, what is -e0f386 + 1?
-e0f385
In base 12, what is -5a05 + -1b65?
-796a
In base 9, what is -718 + 13276?
12457
In base 16, what is -1 - -6b3e359?
6b3e358
In base 2, what is 11100000 - -110000011011011111001?
110000011011111011001
In base 15, what is d0a + 65a8?
73b3
In base 10, what is 42478 - -18?
42496
In base 9, what is 5 - 378745238?
-378745233
In base 2, what is 1001110001111100011111101101 - 1?
1001110001111100011111101100
In base 5, what is -41113 - 13032?
-104200
In base 15, what is 71c7 - -329?
7501
In base 11, what is 4083 - 1133?
2a50
In base 7, what is -2645103 + -100?
-2645203
In base 14, what is -21389c + 27?
-213875
In base 7, what is 555356 + 4?
555363
In base 15, what is a65 - -3a69?
45ce
In base 2, what is 1 + -1011110100101100010111?
-1011110100101100010110
In base 12, what is 12 - -38740a?
387420
In base 15, what is -1d632 - 35de?
-21c21
In base 15, what is 16b919 - 4?
16b915
In base 3, what is -2011 + -1100210000?
-1100212011
In base 5, what is 13023021032 + -20?
13023021012
In base 6, what is 32 + 45344151?
45344223
In base 12, what is -77752340 - 2?
-77752342
In base 16, what is -8bf82eb - -1?
-8bf82ea
In base 15, what is -1b16a3 - 2be?
-1b1972
In base 2, what is -10100010101 + 100111010001001011?
100110111100110110
In base 6, what is -113121255 + 433?
-113120422
In base 14, what is -b2b6a8 + -17?
-b2b6c1
In base 13, what is 18 + 460ab?
460c6
In base 8, what is -474325 + 152?
-474153
In base 7, what is 3265 + -344106?
-340511
In base 6, what is 1115031254 + 2?
1115031300
In base 11, what is 3506888 + 26?
3506903
In base 7, what is 31056 + 160562?
221651
In base 4, what is 2 - 10230130132?
-10230130130
In base 15, what is -4b97 + 80?
-4b17
In base 10, what is -9538 - -671?
-8867
In base 14, what is d9ac9c + 2?
d9aca0
In base 3, what is -201000022 + 10212112?
-120010210
In base 14, what is c37 - -b92d?
c766
In base 9, what is 23783 - -375?
24268
In base 4, what is -30 - 123002302002?
-123002302032
In base 2, what is 1001011101011 + -111110101101100?
-110101010000001
In base 12, what is -622b21b + 7?
-622b214
In base 11, what is 1a55 + 81832?
83787
In base 8, what is 4 + -107105771?
-107105765
In base 16, what is -b59 - -fca9?
f150
In base 2, what is 11 - -10000110100111001111001?
10000110100111001111100
In base 16, what is 2 - -16ba2d24?
16ba2d26
In base 11, what is -393 + 18127a?
180997
In base 6, what is -2 - 2400521514?
-2400521520
In base 13, what is 9 + -4ac6467?
-4ac645b
In base 11, what is -aa6516 + 52?
-aa6474
In base 10, what is -14 + 947433?
947419
In base 15, what is 72 - e8e0?
-e86d
In base 4, what is -3 + -12310320222?
-12310320231
In base 12, what is -1494 - -a026?
8752
In base 3, what is 202 + 101021222221220?
101021222222122
In base 13, what is 80 + -1770b?
-1765b
In base 6, what is -3 - -343402425?
343402422
In base 12, what is 51a + -467b9?
-4629b
In base 13, what is 60277 + 28?
602a2
In base 9, what is 3 - -5777852?
5777855
In base 10, what is 40 + -244778?
-244738
In base 6, what is -34 + 1240121031?
1240120553
In base 10, what is 759 - -6076?
6835
In base 14, what is -10d1 - -62b?
-8a4
In base 11, what is -7688 - -3a41?
-3747
In base 3, what is -2010 - -212210000202111?
212210000200101
In base 13, what is -2 - -171c24b?
171c249
In base 14, what is 21 - 271454?
-271433
In base 13, what is 682a7b + 4?
682a82
In base 9, what is 327 + -22470?
-22142
In base 3, what is 1000211112 + 1201100?
1002112212
In base 12, what is -761 - -1b052?
1a4b1
In base 15, what is -c2 + -32d20?
-32de2
In base 8, what is 3 + -11567740?
-11567735
In base 5, what is 404413003 + -2?
404413001
In base 7, what is 12143012 - -12?
12143024
In base 9, what is -6251 + -704?
-7055
In base 3, what is 10221 + 100020102201?
100020120122
In base 9, what is 67 - -4281730?
4281807
In base 12, what is 1435818 - -5?
1435821
In base 14, what is -1545989d - 1?
-154598a0
In base 7, what is 33016063 - -4?
33016100
In base 2, what is -101111 + -101001111011111000?
-101001111100100111
In base 6, what is -4 - -120515353?
120515345
In base 4, what is 103112021 - 21113?
103030302
In base 5, what is 1440030212 - -1413?
1440032130
In base 14, what is 4 + -3789d8d?
-3789d89
In base 13, what is -393c95 + 556?
-39373c
In base 6, what is 403243134 - 3?
403243131
In base 14, what is 19ac4 + -1a?
19aa8
In base 6, what is 1411534 - -22?
1412000
In base 11, what is -1539 + 7240?
5802
In base 13, what is b + -82390b?
-823900
In base 10, what is 656 + -166298?
-165642
In base 7, what is 0 - 6552355?
-6552355
In base 8, what is 11412 - -50015?
61427
In base 13, what is 1334 + -16452b?
-1631c7
In base 12, what is 20bb7a2 - -1?
20bb7a3
In base 10, what is -4675 - 516?
-5191
In base 5, what is 114 + -1014434211?
-1014434042
In base 7, what is -2131056 - -233?
-2130523
In base 6, what is -202230233043 - 4?
-202230233051
In base 8, what is -1735 + 47?
-1666
In base 9, what is -746863 - -141?
-746722
In base 16, what is 2757c + -57?
27525
In base 15, what is -1 - 11023009?
-1102300a
In base 4, what is 13100033100133 + 10?
13100033100203
In base 9, what is 6 - 68835315?
-68835308
In base 10, what is 5 + -94156843?
-94156838
In base 13, what is -150 - -138aa0?
138950
In base 2, what is -101 + -1001001011101000110001011?
-1001001011101000110010000
In base 2, what is 10101 + 1001111001110011101101111?
1001111001110011110000100
In base 16, what is -98 - -124ad0?
124a38
In base 9, what is 6812 - 1652?
5150
In base 8, what is 46127 + 224?
46353
In base 4, what is 3 - -11021320330?
11021320333
In base 13, what is 0 + -4169642?
-4169642
In base 6, what is 1 - 1301505513?
-1301505512
In base 13, what is 5 + 8864c0c?
8864c14
In base 7, what is 1660043 - -135?
1660211
In base 13, what is -290c3a + -4a?
-290c87
In base 12, what is -652 - 13b0?
-1a42
In base 7, what is -1426 + -210436?
-212165
In base 9, what is 0 - -11858815?
11858815
In base 3, what is 11 + 211002021011010?
211002021011021
In base 16, what is 7 + 215c0b?
215c12
In base 8, what is -255662 - 313?
-256175
In base 7, what is -411312 + -1665?
-413310
In base 9, what is 2485 - 5664?
-3168
In base 7, what is -342644546 + 5?
-342644541
In base 9, what is 12456 + -1341?
11115
In base 14, what is d + -ca636?
-ca627
In base 8, what is -12 - -3061012?
3061000
In base 16, what is 4841550 - 8?
4841548
In base 11, what is -269759 + -2443?
-2710a1
In base 3, what is 122212102 + -1001200011?
-101210202
In base 10, what is 110 + 1821295?
1821405
In base 2, what is 1110010100001011101010 - 1110?
1110010100001011011100
In base 10, what is 40 + -1116756?
-1116716
In base 12, what is -124234a + 3?
-1242347
In base 8, what is 17 - 6735462?
-6735443
In base 7, what is -30 - -234433361?
234433331
In base 3, what is 2102202120 + 112002212?
2221212102
In base 8, what is -27 + 22435403?
22435354
In base 16, what is c + 208d4a?
208d56
In base 5, what is -20313124402 + 3?
-20313124344
In base 10, what is 740 - 20010?
-19270
In base 15, what is 4955a + 42?
4959c
In base 7, what is 2351546622 - 3?
2351546616
In base 13, what is 6 - -4427c8?
442801
In base 8, what is -1 + -102513577?
-102513600
In base 5, what is 11402034240 - -11?
11402034301
In base 10, what is 6 + 45733978?
45733984
In base 15, what is 1 - 781e818?
-781e817
In base 13, what is -147 - -25c30?
25ab6
In base 4, what is 21221023303 + -10?
21221023233
In base 12, what is -181a - -284?
-1556
In base 2, what is -110011001010010 + 1111101001?
-110001001101001
In base 16, what is -10f37d0a - -4?
-10f37d06
In base 16, what is -2a + 6dfae?
6df84
In base 2, what is 10011000000101110110100 + 1001?
10011000000101110111101
In base 15, what is -31bd698a - 2?
-31bd698c
In base 4, what is -2321122131232 - -11?
-2321122131221
In base 4, what is -21333 - 131312?
-213311
In base 4, what is -13 - 222201303?
-222201322
In base 13, what is 279 - -9411?
968a
In base